 the highest common factor of 107330580 and 490?
490
What is the greatest common factor of 1902 and 17790991?
317
Calculate the greatest common factor of 25101556 and 2116.
92
What is the highest common factor of 351234037 and 12957?
4319
What is the greatest common divisor of 2770 and 6977907?
277
Calculate the greatest common divisor of 825 and 2307723.
33
Calculate the greatest common divisor of 37708185 and 8920.
1115
What is the highest common factor of 214628954 and 454?
454
What is the highest common factor of 345681 and 1080?
27
What is the highest common divisor of 430 and 32971040?
10
What is the greatest common factor of 122421629 and 242?
121
Calculate the highest common factor of 112761 and 12528252.
1683
What is the greatest common divisor of 2184 and 10355016?
168
Calculate the highest common factor of 11895 and 18148598.
793
Calculate the highest common divisor of 6576558 and 848.
106
Calculate the highest common factor of 5760348 and 2923932.
2244
What is the greatest common divisor of 988869 and 17577?
651
What is the greatest common divisor of 3730780 and 6680?
3340
What is the highest common factor of 90049 and 43333?
17
Calculate the highest common divisor of 3416 and 571284.
28
Calculate the highest common factor of 210276 and 896269.
649
Calculate the greatest common divisor of 339330 and 41490.
30
Calculate the highest common divisor of 440 and 1113600.
40
Calculate the greatest common divisor of 14666585 and 11225.
2245
Calculate the highest common factor of 453066156 and 108.
108
What is the greatest common factor of 1109803 and 3080070?
4889
Calculate the greatest common divisor of 341961 and 12465030.
11031
Calculate the highest common factor of 2655 and 296680.
5
Calculate the greatest common factor of 1962 and 20003898.
654
Calculate the highest common factor of 8840964 and 132.
132
Calculate the greatest common factor of 59959 and 1002065.
17
Calculate the greatest common factor of 14986 and 584926.
118
What is the highest common factor of 94662346 and 424?
106
What is the highest common divisor of 97822 and 956666?
1658
What is the greatest common factor of 19376253 and 1053?
1053
Calculate the greatest common factor of 99357 and 147.
3
Calculate the highest common divisor of 2700553 and 35901.
3989
Calculate the highest common factor of 2864 and 8402081.
179
Calculate the greatest common divisor of 136 and 81405568.
8
What is the highest common divisor of 8252 and 13850982?
4126
Calculate the highest common divisor of 487428634 and 47.
47
Calculate the greatest common factor of 84 and 25334544.
12
Calculate the highest common factor of 1606039 and 4401.
163
Calculate the greatest common factor of 1518 and 177419.
11
Calculate the highest common factor of 123942 and 25218.
6
What is the greatest common divisor of 202438525 and 9430?
4715
Calculate the highest common divisor of 14196 and 1096472.
676
What is the highest common divisor of 979 and 167725217?
979
What is the greatest common divisor of 8699904 and 360?
72
Calculate the greatest common divisor of 97308 and 12189.
51
Calculate the greatest common factor of 160 and 4937200.
80
What is the highest common factor of 51820572 and 254?
254
Calculate the highest common factor of 14973 and 64260210.
651
What is the highest common factor of 304220 and 4715?
205
What is the highest common divisor of 1655010 and 7406010?
6390
What is the greatest common factor of 6780 and 87480?
60
Calculate the highest common factor of 243 and 365481.
9
What is the greatest common divisor of 116278079 and 34?
17
What is the greatest common factor of 20 and 49279378?
2
Calculate the greatest common divisor of 724181 and 214847.
181
Calculate the greatest common divisor of 3002207 and 13.
13
What is the greatest common divisor of 2004 and 139617678?
1002
What is the highest common factor of 2355 and 1533585?
15
What is the highest common divisor of 686 and 1186?
2
What is the greatest common factor of 464 and 6593632?
16
Calculate the highest common factor of 17670175 and 75.
25
Calculate the greatest common factor of 215 and 84179681.
43
What is the highest common factor of 48879893 and 698?
349
Calculate the highest common factor of 1649 and 4163589.
17
What is the highest common factor of 60 and 14258670?
30
Calculate the highest common divisor of 7 and 816756269.
7
Calculate the highest common divisor of 31398120 and 16965.
585
Calculate the highest common divisor of 16338472 and 8.
8
What is the greatest common factor of 52 and 181656?
4
What is the highest common divisor of 187701 and 12432?
111
Calculate the highest common divisor of 4116620 and 17390.
370
What is the highest common divisor of 18 and 1838506383?
9
Calculate the greatest common factor of 895 and 5709205.
895
Calculate the highest common divisor of 10913 and 10657324.
1559
What is the highest common factor of 4986987 and 57?
57
Calculate the highest common divisor of 75 and 1230457875.
75
What is the greatest common divisor of 398945 and 152935?
365
What is the highest common factor of 100 and 18009850?
50
Calculate the highest common factor of 972264 and 8.
8
Calculate the highest common divisor of 1825 and 8721310.
365
What is the greatest common factor of 3100040 and 570?
190
What is the greatest common factor of 14529 and 54027?
87
What is the greatest common divisor of 2780 and 1952766520?
2780
What is the greatest common factor of 5 and 3845755?
5
What is the highest common divisor of 3149 and 13536?
47
Calculate the highest common factor of 17 and 45727739.
17
Calculate the highest common divisor of 58951 and 349364.
167
Calculate the greatest common divisor of 1050924 and 3633.
21
What is the greatest common divisor of 22 and 11587576?
22
What is the highest common factor of 92075094 and 612?
306
Calculate the greatest common divisor of 6804 and 40992.
84
Calculate the greatest common divisor of 41040 and 545040.
720
What is the highest common divisor of 8454004 and 988?
52
Calculate the greatest common divisor of 6649813 and 178.
89
Calculate the highest common factor of 3532 and 214569.
883
Calculate the highest common divisor of 28678261 and 45782.
2081
What is the greatest common factor of 15789957 and 478380?
3417
What is the greatest common factor of 73919 and 525925?
193
Calculate the greatest common factor of 129 and 33037373.
43
What is the highest common factor of 151962446 and 18999?
2111
Calculate the highest common divisor of 72386 and 39814.
34
Calculate the greatest common factor of 1599 and 5356299.
39
Calculate the highest common divisor of 337205 and 80.
5
What is the greatest common factor of 102839944 and 1808?
904
Calculate the highest common divisor of 18981865 and 980.
245
Calculate the greatest common divisor of 221184792 and 5296.
2648
What is the greatest common divisor of 123291 and 525483?
1197
What is the highest common factor of 184891373 and 141?
47
What is the highest common factor of 4000 and 4505650?
50
What is the greatest common divisor of 376528 and 485608?
808
What is the greatest common factor of 1063 and 1394586905?
1063
Calculate the greatest common divisor of 13823621 and 495558.
3059
Calculate the greatest common factor of 287447161 and 1373.
1373
Calculate the highest common divisor of 1465 and 8776229.
293
Calculate the greatest common divisor of 5 and 125278365.
5
Calculate the greatest common divisor of 24 and 1191873624.
24
Calculate the greatest common factor of 1405 and 7733682.
281
Calculate the highest common factor of 50072 and 1098196.
44
Calculate the highest common factor of 141521007 and 1.
1
Calculate the greatest common factor of 1638 and 937222650.
1638
What is the greatest common factor of 297093720 and 2607?
2607
Calculate the highest common divisor of 54 and 22259988.
54
Calculate the greatest common divisor of 76129845 and 330.
165
Calculate the greatest common divisor of 875 and 8145613.
7
Calculate the greatest common divisor of 161747750 and 150.
50
Calculate the highest common factor of 50768250 and 14555.
205
What is the greatest common divisor of 31475268 and 594?
198
Calculate the greatest common divisor of 26 and 5982041.
13
Calculate the greatest common factor of 36026127 and 324.
81
Calculate the greatest common factor of 2